**2 + 2*q + 1. Let m(l) = l**2 + 5*l - 1. Let t(a) = 2*m(a) - v(a). Give t(5).
12
Let a(b) = 4*b - 2. Let r(n) = 19*n - 160. Let p be r(8). Let s be p/(-24) - ((-8)/(-6) + -2). Determine a(s).
2
Let h be -2 - 4 - (-31 + 22). Let x(y) = -h*y - 4*y + 4*y - 2*y + 6*y. Determine x(7).
7
Let i(l) be the third derivative of -l**6/120 + l**4/24 - 5*l**3/6 + 40*l**2. Let u = 7 - 7. Let y be -3 - (0 - u) - -3. What is i(y)?
-5
Let i(b) = -45*b**2 + 3 + 23*b**2 - 17*b + 21*b**2. Let t(d) = d**2 + 18*d - 1. Let j(a) = -6*i(a) - 5*t(a). What is j(-13)?
0
Let i be (-1 + (-2768)/28)/((-16)/112). Let z = 698 - i. Let y(b) = 5*b + 1. Determine y(z).
-4
Suppose -5*d + 37 = 67. Let b be (-40)/60*(-9)/2. Let p(h) = h + 7*h**b - 9*h - 8*h**3 - 4 - 2*h**2 - 5*h**2. Calculate p(d).
8
Let n(p) = -p**3 + p**2 + 12. Suppose 110 = -45*m + 55*m. Suppose 3*o - 4*b + m = -1, -4*o - 4*b + 12 = 0. Calculate n(o).
12
Let a = 13 - 27. Let k be (-372)/76 - a/(-133). Let l(b) = b**3 + 4*b**2 - 7*b - 7. Calculate l(k).
3
Suppose -2*m = 3*l - 13, -7*m + 34 = 2*l - 12*m. Let i(v) = v**3 - 8*v**3 + l*v**3 + 2 - 12*v**2 + 12*v + v**3. Determine i(11).
13
Let q(n) = 40*n - 275. Let r(m) = 360*m - 1793. Let g be r(5). Calculate q(g).
5
Let r(b) = b**3 + 7*b**2 - 8*b - 10. Suppose 9*n - 10*n + 124 = 0. Let y = -132 + n. Determine r(y).
-10
Let p be 284/18 - ((-64)/(-36) - 2). Suppose 19963 = p*g - 67637. Let f(m) = 0*m + g - m - 5478. What is f(-10)?
7
Let r(o) = -o**2 + 5*o + 61. Let h be r(9). Suppose 0 = -5*w - h, -81*k = -86*k + 4*w - 40. Let t(p) = -p**2 - 12*p + 3. Calculate t(k).
3
Let b(v) be the third derivative of v**2 + 0 - 13/6*v**3 + 1/24*v**4 - 14*v. Determine b(18).
5
Let m(f) = f**3 - 5*f**2 + f. Let n be m(5). Let b be (-1)/n - 48/10. Let t(r) = -3*r + 57. Let l(i) = 20*i - 374. Let q(d) = -5*l(d) - 33*t(d). Calculate q(b).
-6
Let t(u) = -7 - 44*u - 3*u + 2 - u**2 + 12*u + 53*u. What is t(15)?
40
Suppose 4*b = -b + 20. Let f be (-16)/3 - b/6. Let s(i) = -8*i + 1. Let t(p) = 7*p - 1. Let z(o) = f*s(o) - 7*t(o). Calculate z(-4).
5
Let r(s) be the third derivative of -s**6/60 + s**5/60 - s**4/12 - s**2. Let q be 1/(-9) - (5148/324 + -39 - -22). What is r(q)?
-3
Let j(s) = -7 - 8*s**2 + 59*s - 4 + 2 + 7*s**2 - 80*s. What is j(-12)?
99
Suppose 25*a + 214 = 14. Let z(o) be the second derivative of o**5/120 + o**4/12 + o**3/6 - 5*o. Let x(h) be the second derivative of z(h). Give x(a).
-6
Suppose 3*a - 11 = -5*x, 15 = -5*a + 5*x + 20. Let l(m) = -431*m**2 + 1 + 218*m**2 + 214*m**a - 2*m. Give l(-2).
9
Let o(m) = m**3 + 9*m**2 + 7*m - 7. Let c be 3*(264/(-108) + 2/(-9)). Calculate o(c).
1
Let h(g) be the second derivative of -g**5/20 - 5*g**4/12 + 4*g**3/3 + 3*g**2 - 40*g - 2. Suppose -3*o + u - 23 = 0, 2*o - u - 2*u + 27 = 0. Calculate h(o).
-6
Let a be (-3)/(-16)*(352/(-24))/(-11). Let b(v) be the first derivative of 17 - 4*v + a*v**4 + v**3 - 1/2*v**2. What is b(-3)?
-1
Let g(y) be the third derivative of y**6/720 + y**5/40 + 35*y**4/8 + 5*y**2. Let j(h) be the second derivative of g(h). What is j(11)?
14
Let g be (-16)/(-28)*133/19. Let k(b) be the first derivative of 0*b**3 - b + 3/4*b**g - 3 + b**2. Calculate k(1).
4
Let y(p) be the second derivative of -p**3/2 - 4*p**2 - 107*p + 2. Let s(n) = 2*n + 6. Let m(d) = -5*s(d) - 3*y(d). Calculate m(-8).
2
Let n(v) = 33*v + 270. Let f(s) = -49*s - 404. Let m(p) = 5*f(p) + 7*n(p). Calculate m(-9).
-4
Let q(g) be the first derivative of 18 - 1/12*g**4 + 0*g**3 - 3*g + 1/2*g**2. Let f(v) be the first derivative of q(v). Give f(2).
-3
Let v(b) be the third derivative of -b**4/24 + 43*b**3/6 + 7048*b**2. Give v(16).
27
Let q(o) = -36 - 3*o + o + 43 + 3*o. Let n = 606 - 614. Give q(n).
-1
Let y(m) = m**3 + 7*m**2 + 22*m + 55. Let g be y(-5). Let o(p) = -8*p - 3*p - 7*p + 20*p + 3. Give o(g).
-7
Let y(t) = -t + 15. Let r be y(13). Let d(l) = -5*l + r*l + 1 + 14 + 4*l. What is d(-13)?
2
Let s = 413 + -410. Let f(c) = -3*c**s + 8*c - 4 - 5*c**3 + 9*c**3 + 10*c**2 - 3*c**2. What is f(-6)?
-16
Let h(d) = -11*d**3 + 17*d**2 - 38*d + 13. Let u(m) = -4*m**3 + 5*m**2 - 13*m + 4. Let b(f) = -3*h(f) + 8*u(f). Calculate b(10).
-7
Suppose -3*j = 4*n - 5*j + 2, 3*n - 3*j + 3 = 0. Let h(z) = -14*z - 136. Let x(g) = 16*g + 153. Let p(b) = -9*h(b) - 8*x(b). Determine p(n).
0
Let j(z) = 3*z**3 + 3*z**2 - 11*z - 7. Let b(n) = -7*n**3 - 5*n**2 + 22*n + 14. Let c(y) = 2*b(y) + 5*j(y). Let d = 13934 + -13941. Determine c(d).
-28
Let i(d) = -18 - 10 - 18 + 52 - 5*d**3. Let j(z) = -z**3 + z**2 - z. Let p(h) = -i(h) + 4*j(h). What is p(-4)?
10
Let s(g) = 20*g + 15. Let z = 7272 - 7281. Calculate s(z).
-165
Let g(h) = 9*h + 82. Let o = -21023 + 21005. Give g(o).
-80
Let s(k) be the second derivative of k**5/20 - 17*k**4/6 + 17*k**3/3 - 8*k**2 + 1960*k. Give s(33).
17
Let h(k) = -4*k**3 + 17*k**2 - 4*k + 15. Let j = -195 - -201. Let z(n) = -5*n**3 + 18*n**2 - 5*n + 17. Let v(u) = j*h(u) - 5*z(u). Give v(-12).
-7
Let a(c) = -c**2 + 5*c + 20. Let b(p) = 3*p**2 - 11*p - 11. Let l be b(-3). Suppose -d = 3*x - 12, -x + 37 = -45*d + l*d. What is a(d)?
-16
Let l be 904/113 + (0 - 1). Let q(u) be the third derivative of u**6/120 - u**5/10 - 5*u**4/24 - 2*u**3/3 + 5*u**2. Calculate q(l).
10
Let f(k) = 364 + 365 + 354 + 11*k - 1454 + 354. Calculate f(6).
49
Let r(b) = -2*b**2 + 11*b**3 + 51*b**3 + 32*b**3 - 12*b**3 + 1. Give r(-1).
-83
Let o(h) be the first derivative of 5*h**2/2 - 56*h - 676. Determine o(14).
14
Suppose 4 = 3*c - c. Let x be 91/14 - 1/c. Let u(z) = -10*z + 18. Let k(p) = 3*p - 6. Let w(b) = 7*k(b) + 2*u(b). Give w(x).
0
Let y(p) = -39*p**3 - 6*p**2 - 16*p - 16. Let s(f) = 31*f**3 + 6*f**2 + 16*f + 15. Let q(j) = -5*s(j) - 4*y(j). What is q(8)?
-11
Let w(j) = -j**3 + 3*j**2 + j - 1. Let s be 15/30*2818*1. Suppose s = -9*t + 68. Let n = 152 + t. What is w(n)?
2
Let z be 24/(-5) + (-36)/180. Let k(g) = 95*g**2 - 4*g - g**3 - 6 - 100*g**2 - 4*g. Give k(z).
34
Let g(d) = -1 - 55 - 53 + 20 + 13 + 10*d. Give g(7).
-6
Let w(f) be the first derivative of -f**3/3 - 3*f**2 - 3*f - 11. Let l be (-1)/(2 - 77/42). Give w(l).
-3
Suppose 0 = -26*z + 2079 - 2105. Let h(w) = 20*w**2 + 4*w + 2. Determine h(z).
18
Let k(r) be the second derivative of -2*r**2 + 0 + 2/3*r**3 - 153*r + 1/20*r**5 + 1/2*r**4. Determine k(-5).
1
Let o be ((-4)/16)/(1/(-4)) + -5 + 1. Let c(g) be the first derivative of 4*g**2 + g - 2. Determine c(o).
-23
Let b(t) = 3*t. Let m be 2/(-9) - (1552/(-72))/(-2). Let w be (m/((-220)/(-12)))/(1/5). Give b(w).
-9
Suppose 34 = -79*j - 35 + 227. Let g(u) = 3*u**3 - 2*u**2 + 10*u - 20. Give g(j).
16
Let z(h) = -h**2 - 19*h - 16. Suppose -5*b - 1260 = -3*f, -3*f = 10*b - 9*b + 252. Let w be b/24*36/21. Give z(w).
2
Let l(g) = -482*g**2 - 10*g - 11. Let i(a) = -75*a**2. Let b(j) = -6*i(j) + l(j). Give b(-1).
-33
Let h(n) = -5*n - n - 11*n - 6*n + 20*n. Calculate h(1).
-3
Let z(i) = -17*i + 387. Let h(b) = 16. Let u(t) = 11*h(t) - z(t). What is u(12)?
-7
Let f(j) = 3*j - 4. Let r = 0 + 33. Suppose -r = 9*z + 12. Let s(b) = -4*b + 5. Let m(v) = z*s(v) - 6*f(v). Determine m(-3).
-7
Let t(k) be the first derivative of -k**3/3 - 3*k**2 - 25*k + 12218. What is t(-9)?
-52
Let c(l) = -2*l**2 + 13*l - 22. Let u(b) = -5*b**2 + 28*b - 44. Suppose -4*y - 3*k - 22 = 0, -5*y = 4*k + 12 + 15. Let v(w) = y*c(w) + 3*u(w). Calculate v(-9).
4
Let y(n) = n**2 + 6*n - 5. Let r = -23 - -16. Let a be y(r). Let k(x) = -1632*x + 2*x**3 + 0 + 2 - x**2 + 1629*x. Determine k(a).
8
Let k(j) = 33*j**2 - 42*j - 23. Let a(w) = 19*w**2 - 22*w - 12. Let c(h) = -7*a(h) + 4*k(h). Give c(-9).
37
Let r(l) = -7*l + 61 - 47 + 6*l. Let n be r(9). Let y(j) = -j**2 + 8*j - 2. What is y(n)?
13
Let r(f) be the first derivative of -1/120*f**5 - 15 + 5/3*f**3 + 0*f + 0*f**2 + 0*f**4 - 1/360*f**6. Let w(n) be the third derivative of r(n). Determine w(-3).
-6
Let a(x) = -18 + 6*x**2 - 5*x**2 - 2*x**2 - 18*x - x**2. Let g be a(-8). Let c be 1/(-4 - 9/g). Let p(z) = z**3 + z - 2. Determine p(c).
8
Let o(n) be the second derivative of -5*n**3/6 + 19*n**2 + 981*n + 2. What is o(9)?
-7
Let m(o) = 3*o - 64. Let u be m(24). Let x(z) = -u*z**3 + 3*z**2 + 0*z**3 + 7*z + 7*z**3 + 2. Determine x(5).
-13
Let z(c) = -8*c + 10*c**3 + 17*c**3 + 9*c**2 - 11*c**3 + 2 - 18*c**3 + 2. Calculate z(3).
7
Let l(s) = 5*s + 3 